*a + 2. Let w(m) = -3*m**3 + 7*m**2 - 5*m - 3. Let j(t) = 2*l(t) + 7*w(t). Calculate j(-3).
-2
Let w(f) = f + 2. Suppose -2*n + 0*n - 5*k = -95, 0 = n + 5*k - 60. Let x = -1 + 42. Suppose i + x - n = 0. Give w(i).
-4
Let q(a) = a**3 - 5*a**2 + 5*a + 1. Let j be q(4). Suppose j*t - 7*t + 18 = 0. Let h(z) = -z + 14 + 3*z - 3*z. What is h(t)?
5
Let c(x) = -x - 7. Suppose 3*z - 3*y = -2*y + 26, 0 = 3*y + 6. Let g be (-1)/(0 + (-3)/24). Let w = z - g. What is c(w)?
-7
Let a(h) = 76*h - 4*h**2 - 4 + 5*h**2 - 76*h. Let d be 2/(-35)*10*-7. Determine a(d).
12
Let d = 24 - 22. Suppose -d*x + 10 = 4. Let u(j) = j - 1. Let n(q) = -q**3 + 5*q**2 - 2*q - 2. Let f(z) = -n(z) + 2*u(z). Calculate f(x).
-6
Let d(g) = -g**3 + 15*g**2 - 2*g + 34. Let j be d(15). Suppose -h - 11 = -2*q, 0 = 5*q - j*h - 45 + 16. Let f(x) = 2*x**2 - 6*x + 5. What is f(q)?
25
Let k be (75/100)/((-3)/12*-3). Let u(s) = -50*s**3 + 2*s**2 - 5*s + 4. What is u(k)?
-49
Suppose -5*p + 30 = 5*d, 3*d + 2*p - 18 = -2. Let x(o) = o**2 - 2*o + 16. What is x(d)?
24
Let y be (-4 + -1)*(-9)/15. Let p(s) be the first derivative of 1/3*s**3 - 1/2*s**2 - 4 + 2*s. Give p(y).
8
Let q(x) = 49*x + 9. Let l(f) = -20*f - 7. Let y(d) = 14*l(d) + 6*q(d). Calculate y(4).
12
Suppose -4*z - 12 = 0, -n + 199*z = 197*z - 1. Let t(g) = -g**3 - 8*g**2 - 12*g + 26. Give t(n).
11
Let j(r) be the first derivative of -r**3 - 5*r**2/2 + 5*r - 1309. Give j(4).
-63
Suppose -18 = 2*c + 3*w, 0 = -c + w + 34 - 38. Let a(d) = -d**3 - 6*d**2 + 7*d + 32. Give a(c).
-10
Suppose -2*j + y - 7 = -1, 4*y = 3*j + 24. Let t(u) be the third derivative of -1/120*u**6 + j + 1/2*u**3 + 1/6*u**4 + 0*u**5 - 20*u**2 + 0*u. Determine t(-2).
3
Let t(d) = 4*d + 7. Let b(n) = -n - 1. Let v(m) = -3*b(m) - t(m). Let f be (-6)/(7 + (-17)/2). Calculate v(f).
-8
Suppose -4*w + 6*w = w. Suppose -7*r - 6*r + 65 = w. Suppose 217 = -r*k + 197. Let d(v) = -v - 4. Determine d(k).
0
Suppose 0*r - 56 = -7*r. Let s(y) = 7*y**2 - 5*y + 13. Let l(x) = 11*x**2 - 7*x + 20. Let j(h) = r*s(h) - 5*l(h). Let t be 3 + (5 - 4)*0. Determine j(t).
-2
Suppose -10*s = -12*s + 6. Suppose -2*w = -3*v, -3*w = -8*w + s*v + 9. Let f(m) = 17*m + 9. Let q(r) = 8*r + 4. Let o(i) = -3*f(i) + 7*q(i). What is o(w)?
16
Let s(i) be the first derivative of i**4/4 - 11*i**3/3 - 2*i + 1. Suppose 2*c = -46*v + 42*v + 58, 4*c - 2*v - 26 = 0. What is s(c)?
-2
Let u = 134 - 141. Let f(c) be the second derivative of c**5/20 + c**4/2 - 7*c**3/6 + c**2/2 - 4*c. Let m be f(u). Let y(x) = x**3 - x**2 + x - 1. What is y(m)?
0
Suppose 22 + 230 = -82*y - 76. Let t(c) = -5*c + 11. What is t(y)?
31
Let k be (-85)/680*24/(-9)*(89 + 1). Let j(g) = 2*g**2 - 63*g + 88. Determine j(k).
-2
Let f be -60 - (-1 - (-1 + 1)). Suppose 0 = -2*u + 3*r - 129, -r - 38 = 3*u + 128. Let m = u - f. Let h(v) = -2*v**2 - 2*v - 1. Give h(m).
-13
Let h(g) be the second derivative of g**4/12 - 5*g**3/6 + g**2 - 3*g + 7888. Let d = -2 + 5. What is h(d)?
-4
Let w(o) = 36 - 14*o - 435*o**2 - 288*o**2 + 722*o**2. Determine w(-16).
4
Let p(q) be the second derivative of -1/2*q**2 + 7/6*q**3 - 81*q + 0. Let l = -5 - -3. Determine p(l).
-15
Let d(j) be the third derivative of -14*j + j**2 + 11/24*j**4 - 1/60*j**5 + 13/6*j**3 + 0. What is d(10)?
23
Let f(y) be the first derivative of -2*y**2 - y - 144. Let r = 63 + -65. Determine f(r).
7
Let v(w) = -2*w - 3. Let n be 378/(-252) + 1 + 7/(-2). What is v(n)?
5
Suppose 62*u = 64*u - 4*v + 2, 0 = u - 3*v - 2. Let q(i) = i**3 + 9*i**2 + 14*i + 4. Give q(u).
4
Let v(y) = y**2 + 4*y - 10. Suppose 23*s = 41*s - 4410. Let w = -251 + s. Give v(w).
2
Let f be (0 + -1)*1*0. Suppose 4*p + f*p - 12 = 0. Suppose 3 = -p*g + 3*c, 4*g - 3*c + 5*c = -10. Let a(m) = m**3 + m**2 - 3*m - 2. What is a(g)?
0
Let m(i) = 38*i + 209. Let y(u) = 12*u + 59. Let k(a) = -4*m(a) + 14*y(a). Give k(2).
22
Let l = 389 + -408. Let v(h) = 12*h + 228. Let c be v(l). Let i(m) = -m**2 - 15. Calculate i(c).
-15
Let y(d) = 4*d - 4. Let i be (47*-2 + 1)/(67/201). Let f = i - -282. Determine y(f).
8
Suppose 3*c + 3*m - 5 = -38, -2*c - 14 = 4*m. Let y = 20 + c. Let k(w) be the second derivative of -w**4/12 + w**3/3 + 3*w**2/2 - w. Give k(y).
-12
Let b(f) = -f**2 - 7*f + 18. Suppose -84*h + 47*h = 407. Determine b(h).
-26
Let v(a) = 9*a**2 + 20*a + 196. Let u(b) = -2*b**2 - 4*b - 41. Let p(x) = -19*u(x) - 4*v(x). Determine p(-4).
43
Let b(k) = -4*k + 6. Let j(w) = 3*w + 168. Let x(t) = -4*t - 138. Let g(u) = 5*j(u) + 6*x(u). Suppose -4*l - 14 = -2. Let s(v) = l*g(v) + 7*b(v). Give s(3).
3
Let b(j) = -3*j**2 + 7*j - 9. Suppose -58 + 520 = 138*k + 48. Calculate b(k).
-15
Let g(n) be the third derivative of -n**6/120 - n**5/15 - n**4/12 + 7*n**3/6 - n**2 - 532*n + 24. Let p be ((-6)/4)/(2/4). Give g(p).
4
Let h(w) be the third derivative of -w**4/24 - w**3 - 784*w**2. Give h(6).
-12
Let q(z) be the first derivative of -z**7/840 + z**6/60 + z**4/6 - 44*z**3/3 - 55. Let s(n) be the third derivative of q(n). What is s(6)?
4
Let l(y) = 3162 - 1579 + 6*y**3 - 9*y + 7*y - 1585. Let j = 5 - 6. What is l(j)?
-6
Let a(l) = -2*l**3 + l**2 + 3*l - 2. Suppose 2*w = -w. Suppose w = -5*r + 3*o - 7, r - 16*o + 1 = -15*o. Calculate a(r).
12
Let d(j) = -7*j**2 - 36*j**2 - 3*j**3 - 5*j - 9 + 25*j**2. Let k(c) = c**3 + 6*c**2 + 2*c + 3. Let n(q) = 4*d(q) + 11*k(q). Determine n(-6).
-15
Suppose 8*d - d = 7. Suppose 3*v = -4*r - d, r + 3*r + 4 = -4*v. Let h be 1 - (0 + r*-2)/1. Let z(l) = -l**2 + 5*l - 5. Calculate z(h).
-5
Suppose 7*w - 51 + 16 = 0. Let s(r) be the second derivative of 5*r + 7/6*r**3 - 1/12*r**4 + 0 + r**2. Calculate s(w).
12
Let j = -438 + 440. Let r(z) = 11 + 5*z + z**j - 42 + 29. Calculate r(-5).
-2
Let w(v) be the first derivative of v**3/3 - 2*v**2 - 5*v - 1. Let g = 400 - 935. Let n = g - -541. Calculate w(n).
7
Let i(w) be the second derivative of 0 - 1/12*w**4 + 1/6*w**3 + 0*w**2 - 1/20*w**5 + 2*w. Suppose f + a = 11, 63 = -f + a + 54. Determine i(f).
-1
Let x(y) = 35*y - 9. Let t(j) = 29*j - 6. Let k(g) = 6*t(g) - 5*x(g). Calculate k(16).
-7
Let z(g) be the third derivative of g**4/24 - 7*g**3/3 + 4817*g**2 - 2*g. Suppose 2*p + 2*n + 3*n + 17 = 0, 6 = 3*p - 3*n. Let m = 1 + p. Give z(m).
-14
Suppose 20*v = 15*v - 30. Let d(k) = k**3 + 7*k**2 + 8*k + 21. Let c be d(v). Let b(a) = -7*a - 7*a - 4*a**2 - 3 + c*a - a**3. Give b(-3).
3
Let t be ((-16)/(-2))/(-28 - -36). Let y(u) = -u**3 + 2*u - 1. What is y(t)?
0
Let m(z) = -4*z + 19. Let i be m(4). Let q(c) = -c**3 + 7*c**2 - 13*c + 4. Let s be q(i). Let p(g) = g + 2. What is p(s)?
3
Suppose -437*g = -440*g + 2*q + 1, g + 9 = 3*q. Let j(t) be the second derivative of 13/2*t**2 - 1/12*t**4 + 0*t**g + 0 - 23*t. Determine j(0).
13
Suppose 2*u = -3*o - 5, -5*u - o = -4*o - 19. Let r(s) = -3*s + 27 - 4*s**2 + 4*s + 3*s**u. Determine r(0).
27
Let q(l) = -l**2 + 8*l - 3. Let p = 22 + -20. Suppose -7*h + 25 = -p*h. What is q(h)?
12
Let u(f) = -f**2 - 6*f - 2. Let b be u(-4). Let l(w) = -w**3 + 5*w**2 - 5*w + 4. Let s be l(3). Let c(g) = -g**3 + s*g**2 - 4*g + 3*g - 4*g. What is c(b)?
6
Let w(v) = -4*v**3 - 4*v**2 - 2*v + 1. Suppose 0*b - 2*b = -0*b. Suppose b = 2*z - z + 4*f - 63, -z + 5*f = -36. Let i = -53 + z. What is w(i)?
21
Let u(f) be the third derivative of -f**5/60 + f**4/3 + 5*f**3/6 + 64*f**2 - f - 8. Suppose -4*l + i - 14 = 0, -2*i + 9 = -5*l - 10. Let z = 11 + l. Give u(z).
5
Let f(s) be the second derivative of -s**3/6 + 3*s**2/2 - 11*s. Let k = 136 + -131. Suppose 3*j = -j - k*c - 27, 6 = -j - c. Give f(j).
6
Suppose 115 = -25*u + 40. Let v(z) be the first derivative of 7*z**2/2 + 4*z - 7. Calculate v(u).
-17
Let x(n) = 15*n**2 - 26 + 43 - 18. Let b(j) = j + 7 + 9 - 2. Let p be b(-13). Give x(p).
14
Let n = 3 + 2. Let b(x) = -x**3 + 2*x**3 - 3*x - 1 - 6 + n*x**2. Let a(c) = 24*c + 1435. Let t be a(-60). Determine b(t).
8
Let l(c) be the first derivative of 6*c**2 + 13*c + 3731. Give l(-7).
-71
Let d(w) = w**2 + 1. Suppose 0 = s + 9*s - 10. Let h(j) = 6*j**2 - 5*j + 1. Let t(n) = s*h(n) - 5*d(n). Let m be 5/5 - 5/(-1). Give t(m).
2
Let p(n) = 10*n - 6*n**3 - 78*n + 70*n - 1. Suppose 0*t - 4*t + 20 = 0. Suppose -6*v + 1 + t = 0. Give p(v).
-5
Let u(b) = b**3 - 2*b - 3. Suppose 2*j - 5*k = 2, 2*j = -2*j + k + 4. Let r be -3*(11 - 9)/(j*-2). Determine u(r).
18
Let k(n) = 23